{"id":34,"date":"2012-11-08T10:23:33","date_gmt":"2012-11-08T09:23:33","guid":{"rendered":"http:\/\/wahlberget.se\/?page_id=34"},"modified":"2015-01-05T08:57:32","modified_gmt":"2015-01-05T07:57:32","slug":"kontakt","status":"publish","type":"page","link":"https:\/\/wahlberget.se\/?page_id=34","title":{"rendered":"Kontakt"},"content":{"rendered":"<p>Om du beh\u00f6ver komma i kontakt med styrelsen f\u00f6r bostadsr\u00e4ttsf\u00f6reningen Wahlberget \u00e4r vi enklast att n\u00e5 p\u00e5 f\u00f6ljande mailadresser.<\/p>\n<p><strong>Parkeringsfr\u00e5gor<\/strong><br \/>\n<a href=\"parkering@wahlberget.se\">parkering@wahlberget.se<\/a><\/p>\n<p><strong>Styrelsefr\u00e5gor<\/strong><br \/>\n<a href=\"styrelsen@wahlberget.se\">styrelsen@wahlberget.se<\/a><\/p>\n","protected":false},"excerpt":{"rendered":"<p class=\"excerpt\">Om du beh\u00f6ver komma i kontakt med styrelsen f\u00f6r bostadsr\u00e4ttsf\u00f6reningen Wahlberget \u00e4r vi enklast att n\u00e5 p\u00e5 f\u00f6ljande mailadresser. Parkeringsfr\u00e5gor parkering@wahlberget.se Styrelsefr\u00e5gor styrelsen@wahlberget.se<\/p>\n<p class=\"more-link-p\"><a class=\"btn btn-default\" href=\"https:\/\/wahlberget.se\/?page_id=34\">Read more<\/a><\/p>\n","protected":false},"author":1,"featured_media":0,"parent":0,"menu_order":4,"comment_status":"closed","ping_status":"closed","template":"","meta":[],"_links":{"self":[{"href":"https:\/\/wahlberget.se\/index.php?rest_route=\/wp\/v2\/pages\/34"}],"collection":[{"href":"https:\/\/wahlberget.se\/index.php?rest_route=\/wp\/v2\/pages"}],"about":[{"href":"https:\/\/wahlberget.se\/index.php?rest_route=\/wp\/v2\/types\/page"}],"author":[{"embeddable":true,"href":"https:\/\/wahlberget.se\/index.php?rest_route=\/wp\/v2\/users\/1"}],"replies":[{"embeddable":true,"href":"https:\/\/wahlberget.se\/index.php?rest_route=%2Fwp%2Fv2%2Fcomments&post=34"}],"version-history":[{"count":8,"href":"https:\/\/wahlberget.se\/index.php?rest_route=\/wp\/v2\/pages\/34\/revisions"}],"predecessor-version":[{"id":137,"href":"https:\/\/wahlberget.se\/index.php?rest_route=\/wp\/v2\/pages\/34\/revisions\/137"}],"wp:attachment":[{"href":"https:\/\/wahlberget.se\/index.php?rest_route=%2Fwp%2Fv2%2Fmedia&parent=34"}],"curies":[{"name":"wp","href":"https:\/\/api.w.org\/{rel}","templated":true}]}}